
False
Is 566054226 a multiple of 25?
False
Is 2645058527 a multiple of 47?
True
Does 30 divide 91217477?
False
Is 146669502 a multiple of 2942?
False
Does 5022 divide 2973157460?
False
Is 608 a factor of 8483032?
False
Is 317930277 a multiple of 8?
False
Is 44 a factor of 7013468?
True
Is 5 a factor of 805836369?
False
Is 414943 a multiple of 21?
False
Is 13 a factor of 714629467?
False
Is 312 a factor of 1130145744?
True
Does 713 divide 770052812?
False
Is 807071661 a multiple of 33?
True
Is 30 a factor of 34002750?
True
Does 945 divide 26066435?
False
Does 746 divide 53702858?
False
Is 701666524 a multiple of 207?
False
Is 1899 a factor of 118913720?
False
Does 11 divide 316941089?
False
Is 18322940 a multiple of 75?
False
Does 68 divide 129484065?
False
Does 41 divide 8759753?
False
Does 448 divide 648196864?
True
Is 44638358 a multiple of 421?
False
Does 12 divide 1637414472?
True
Is 1700947 even?
False
Is 613666 a multiple of 10?
False
Is 139 a factor of 3574055?
False
Does 181 divide 311382988?
True
Is 3025 a factor of 567227038?
False
Is 103700698 a multiple of 173?
True
Is 31 a factor of 174721725?
False
Is 12680048 a multiple of 37?
True
Does 159 divide 172736478?
False
Is 551 a factor of 153890443?
True
Does 171 divide 10753506?
True
Does 69 divide 93506511?
False
Does 103 divide 23422658?
False
Is 861236265 a multiple of 713?
True
Is 40 a factor of 2349580271?
False
Does 160 divide 590206852?
False
Does 15 divide 54949572?
False
Does 12 divide 2263892316?
True
Does 16 divide 1007104?
True
Does 181 divide 2147802291?
True
Does 100 divide 644835969?
False
Does 63 divide 740997747?
True
Is 1173783352 a multiple of 4?
True
Is 825 a factor of 1762570831?
False
Does 119 divide 194335449?
True
Is 165 a factor of 2559172?
False
Is 9 a factor of 169579323?
True
Is 21 a factor of 226312595?
False
Is 34 a factor of 1961018?
True
Does 79 divide 1414236855?
False
Does 311 divide 11255090?
True
Is 5365990 a multiple of 49?
True
Is 7374237 a multiple of 15?
False
Is 48054825 a multiple of 455?
True
Does 2315 divide 2247221601?
False
Does 22 divide 209504621?
False
Is 53231754 a multiple of 519?
True
Is 1556 a factor of 151906975?
False
Does 462 divide 38701238?
False
Is 224 a factor of 14818653?
False
Does 6 divide 358436394?
True
Is 338 a factor of 33595783?
False
Does 18 divide 2166315912?
True
Is 11 a factor of 17036004?
False
Is 195606752 a multiple of 23?
False
Is 75915476 a multiple of 3172?
True
Does 159 divide 32633319?
True
Is 2881 a factor of 18634308?
True
Does 44 divide 336655968?
True
Is 581 a factor of 2466876034?
True
Is 562 a factor of 56119628?
False
Is 67632757 a multiple of 1921?
False
Does 3 divide 150278499?
True
Does 17 divide 3619260?
False
Does 30 divide 62647646?
False
Does 19 divide 21361529?
True
Is 738819064 a multiple of 442?
False
Does 3 divide 245442968?
False
Is 393 a factor of 30611163?
True
Is 1597976 a multiple of 1124?
False
Is 238 a factor of 279522486?
False
Does 1051 divide 468884732?
True
Is 659949024 a multiple of 395?
False
Does 500 divide 166251740?
False
Is 76607718 a multiple of 163?
True
Does 32 divide 16086091?
False
Is 842098548 a multiple of 5?
False
Is 267497510 a multiple of 10?
True
Is 15983368 a multiple of 69?
False
Does 7 divide 30402420?
False
Is 6255030 a multiple of 30?
True
Is 106452864 a multiple of 516?
True
Does 576 divide 88943040?
True
Is 1081450035 a multiple of 279?
True
Is 225562134 a multiple of 21?
True
Is 204 a factor of 28014153?
False
Is 16361860 a multiple of 25?
False
Does 28 divide 7075712?
True
Does 1471 divide 4262909?
False
Does 22 divide 1201241831?
False
Does 3 divide 70811004?
True
Is 67518498 a multiple of 4?
False
Is 26 a factor of 20581937?
False
Is 62 a factor of 207591190?
True
Is 17159412 a multiple of 1954?
False
Is 28297892 a multiple of 14?
True
Is 164 a factor of 327771079?
False
Is 244630413 a multiple of 32?
False
Does 371 divide 10863251?
True
Does 31 divide 1628070?
False
Is 963 a factor of 21841803?
True
Is 7647424 a multiple of 662?
True
Does 15 divide 373084110?
True
Is 1846 a factor of 14086826?
True
Is 99 a factor of 24309281?
False
Is 3186077760 a multiple of 1472?
True
Is 580 a factor of 231256408?
False
Does 2258 divide 144177207?
False
Is 181 a factor of 432383738?
False
Is 324858050 a multiple of 20?
False
Is 63912326 a multiple of 976?
False
Is 166223323 a multiple of 18?
False
Is 1543473555 a multiple of 9885?
True
Does 3 divide 33811267?
False
Is 949072680 a multiple of 6?
True
Is 95093016 a multiple of 1338?
False
Is 30 a factor of 5990460?
True
Does 2650 divide 460259950?
True
Does 6 divide 7711359?
False
Does 71 divide 60866880?
True
Is 201390 a multiple of 35?
True
Is 8 a factor of 43878795?
False
Does 325 divide 79853475?
True
Does 27 divide 348553746?
True
Is 2777630933 a multiple of 14?
False
Does 1109 divide 35955524?
False
Is 146 a factor of 329645109?
False
Does 1671 divide 887179017?
True
Is 21 a factor of 263758610?
False
Does 27 divide 39312939?
False
Is 160722468 a multiple of 324?
True
Is 66944308 a multiple of 1558?
False
Is 339351792 a multiple of 2?
True
Is 70 a factor of 1165549435?
False
Does 147 divide 2340361136?
False
Is 850 a factor of 9995851?
False
Is 67029885 a multiple of 117?
True
Is 12116 a factor of 3479017166?
False
Is 4375 a factor of 587024612?
False
Does 11 divide 21561453?
False
Is 17898060 a multiple of 995?
True
Is 135439227 a multiple of 130?
False
Is 4262 a factor of 253077504?
False
Does 114 divide 17702298?
False
Is 20 a factor of 134398777?
False
Is 118 a factor of 1539177093?
False
Does 218 divide 56569479?
False
Is 71233692 a multiple of 73?
True
Is 277256 a multiple of 7?
True
Does 116 divide 39933348?
True
Is 692640 a multiple of 80?
True
Is 35173108 a multiple of 3755?
False
Is 756 a factor of 87637159?
False
Is 20 a factor of 140850966?
False
Does 1504 divide 144140590?
False
Does 122 divide 249150230?
True
Is 11 a factor of 73316219?
False
Is 5 a factor of 1778781?
False
Does 52 divide 3022318?
False
Does 9 divide 29399585?
False
Is 615 a factor of 365146410?
True
Is 1676 a factor of 1199767936?
False
Is 1108 a factor of 1355082524?
False
Is 320 a factor of 65724331?
False
Is 2003320464 a multiple of 1143?
False
Is 1166 a factor of 62384036?
False
Is 27 a factor of 170504128?
False
Is 75 a factor of 190659525?
True
Is 461361840 a multiple of 40?
True
Is 16 a factor of 164814656?
True
Is 114 a factor of 536918454?
True
Is 32596051 a multiple of 47?
True
Is 9517658 a multiple of 99?
False
Is 1558 a factor of 140456816?
True
Is 315 a factor of 43004135?
False
Does 22 divide 246701680?
False
Does 248 divide 66925528?
True
Is 1334 a factor of 3009078454?
True
Is 373845990 a multiple of 3?
True
Is 21398887 a multiple of 20?
False
Does 164 divide 18401185?
False
Does 94 divide 1124459302?
True
Does 190 divide 4840630?
True
Is 50 a factor of 149390490?
False
Is 155 a factor of 414315?
True
Is 133 a factor of 59634046?
False
Does 28 divide 63490812?
True
Does 189 divide 13188798?
True
Is 43748319 a multiple of 8?
False
Is 283 a factor of 4665903070?
True
Does 130 divide 1227753540?
True
Does 48 divide 188255039?
False
Does 9 divide 23027391?
True
Is 58 a factor of 600746625?
False
Is 159370911 a multiple of 1119?
False
Does 21 divide 241565016?
True
Does 8 divide 84898129?
False
Is 244364771 a multiple of 4?
False
Is 2114550 a multiple of 333?
True
Is 166 a factor of 2360520?
True
Is 1268 a factor of 479910104?
True
Is 6037359 a multiple of 10?
False
Is 515233070 a multiple of 10?
True
Is 219 a factor of 18131405?
False
Is 25874794 a multiple of 35?
False
Is 12 a factor of 566138292?
True
Does 18 divide 3873303?
False
Does 181 divide 38960069?
True
Does 14 divide 29535284?
False
Is 994764106 a multiple of 2641?
False
Is 16 a factor of 80186016?
True
Is 177 a factor of 10285655?
False
Is 118 a factor of 83741650?
True
Is 5444017304 a multiple of 187?
True
Does 3102 divide 443742911?
False
Is 367 a factor of 721531634?
False
Is 8 a factor of 6217086?
False
Is 85080249 a multiple of 78?
False
Is 423596839 a multiple of 369?
False
Does 77 divide 902884883?
False
Is 6 a factor of 1079996250?
True
Does 485 divide 7763880?
True
Is 274 a factor of 430971214?
False
Does 141 divide 628756929?
True
Does 20